). Determine a(v).
-23
Let x(g) = -g - 2. Let w be (11 - (-324)/(-28)) + 4/7. Suppose -4*j + j = -2*l - 39, w = 4*j + l - 41. Determine x(j).
-13
Let p(y) be the first derivative of -72*y**2 - 1. Let j(g) = 17*g. Let l(w) = -w - 1. Let q be l(-6). Let a(s) = q*p(s) + 42*j(s). Determine a(-2).
12
Let h(o) = o**3 - 4*o**2 - o + 2. Let s(y) = -y**3 - 291*y + 590*y - 13*y**2 - 297*y + 28. Let k be s(-13). Calculate h(k).
-8
Suppose -7*i + 2*v + 34 = -5*i, -5*v + 34 = 2*i. Let r(b) = -b - 3. Let t(z) = z**2 - 11*z + 10. Let j(w) = -6*r(w) - t(w). Determine j(i).
8
Let g(l) = -8*l + 21. Let q(r) = -r**2 - 2*r + 110. Let w be q(-11). Give g(w).
-67
Let l = 2942 - 2943. Let v(h) = h**3 + 2*h**2 + h - 2. What is v(l)?
-2
Let g(x) = -x**2 + 4*x. Suppose -13 = 2*t + b, -27*t - 2*b + 19 = -32*t. Calculate g(t).
-45
Let w(l) = l**2 + 4*l + 2. Let b(p) = p**3 - 44*p**2 - 93*p + 49. Let t be b(46). What is w(t)?
23
Let r be 4/((-144)/45) - (-3674)/8. Let q = -456 + r. Let k(a) = 15*a - 3. What is k(q)?
27
Let z(c) = 2*c + 4. Let j = -297 + 302. Suppose 0 = v - 5*l + 10, 3*v + 4*l - j*l + 16 = 0. Determine z(v).
-6
Suppose -14*i = 2418 - 2852. Let f(r) = 2*r - 58. Give f(i).
4
Let k(n) = 11*n**2 - 4*n + 113. Let s(o) = -8*o**2 + 3*o - 75. Let b(d) = -5*k(d) - 7*s(d). What is b(-6)?
2
Let c(i) = -10 - 43*i - 811*i**2 - 814*i**2 + 1 + 1618*i**2. Determine c(-6).
-3
Let r(j) = j + 3. Let v be r(0). Let s(p) = 1990*p - 1992*p + p**3 + 3*p**2 - 6*p**2 + 4*p**2. What is s(v)?
30
Let m(i) = i**2 + 2*i + 4. Let k be -2 + 13 + 58/(-29). Suppose 5*w - 6*p + 21 = -k*p, 4*w - 4*p = -4. Determine m(w).
7
Let g be (-12)/(-10)*(-11)/(-231)*35. Let m(f) = f**3 + 26*f**g + 0*f + 2*f + 14*f**2 - 4 - 34*f**2. What is m(-4)?
20
Let m(r) = 11*r**3 + 2*r**2 + 10*r - 12. Let f be m(1). Let i(s) = -2*s - 20 + 12 + 11. What is i(f)?
-19
Suppose -146*t + 148*t - 2 = 4*n, 0 = 2*t + n + 18. Let u(a) = -a**3 - 5*a**2 + 7*a + 20. What is u(t)?
69
Let j(o) be the third derivative of -o**4/6 - 17*o**3/6 + 1667*o**2. Calculate j(-5).
3
Suppose -43*s = 63*s + 884 + 1872. Let f(o) = 11*o + 282. Calculate f(s).
-4
Suppose 2*m = 5*j, 0 = 12*m - 17*m - 2*j. Let s(v) = -3*v - 11. Determine s(m).
-11
Let w(x) = -x - 13. Let s be w(-6). Let q(h) = 4*h**2 + 21*h + 20. Let m(o) = 15*o**2 + 80*o + 79. Let z(r) = -3*m(r) + 11*q(r). Determine z(s).
-3
Let y(u) = 10 + u**3 + u**2 - 7*u**2 - 2*u**2 + 7*u. Let b(j) = 2*j**2 + 14*j - 9. Let z be (0 - 6/15)/(2/40). Let f be b(z). What is y(f)?
10
Let b(a) be the third derivative of -2*a**2 - 1/2*a**3 - 5/24*a**4 + 0 - 23*a. Calculate b(-7).
32
Let a(d) = -3*d + 1. Suppose 4*p + 1 = 5. Let z be a(p). Let m(h) be the first derivative of h**3/3 + h**2 + 3*h + 966. What is m(z)?
3
Let f(l) = l**2 - 18*l + 34. Let m be f(16). Suppose 2 = v + m*d + 3, 2 = -v - d. Let t(i) = 3*i - 2. What is t(v)?
-11
Let j(y) be the second derivative of y**4/12 - 5*y**3/2 + 31*y**2 - 2*y - 99. Determine j(9).
8
Suppose 3*y - 86 = -w, 160 = 5*y + w + 4*w. Let j(a) = -4*a - a**2 - a - 29 + y. What is j(-3)?
4
Suppose -10*a - a = 33. Let s(j) be the third derivative of j**4/12 + 4*j**2 + 15. Calculate s(a).
-6
Let t(i) = -2*i**3 - 4*i**2 - 3*i - 2. Let o be t(-2). Suppose 0 = 3*c - o*a - 16 + 40, -2*c + 4*a = 12. Let w(p) = p**2 + 11*p - 6. Calculate w(c).
6
Let x(i) be the third derivative of i**6/120 + i**5/60 + i**4/6 - 3*i**3/2 + 10*i**2 + 295*i. What is x(-4)?
-73
Let c(p) = 48 - 13 - 1 + 2*p**2 + 2*p - 13 - 4*p**2. What is c(-4)?
-19
Let l(u) = -2*u - 10. Suppose -y - 4 = -4*i, 0 = -0*y - 2*y - 5*i - 34. Let o be y/(-28) + 8/14 + -9. Determine l(o).
6
Let x = 11 + -5. Let m(s) be the third derivative of 1/3*s**3 + 5/24*s**4 + 0*s - 1/60*s**5 + 0 - 30*s**2. Give m(x).
-4
Let n(u) = 18*u**2 + 3*u + 2. Suppose -5*x + 5 = 10. Let s be n(x). Let v(y) = -5 - 16*y**3 - 10*y + s*y**3 + 9*y**2 - y. Determine v(-10).
5
Let f(x) be the first derivative of 4*x**2 + 9*x - 1334. What is f(-6)?
-39
Let z(i) = -92*i + 1930. Let m be z(21). Let l(u) = -2 - u + 5 + 3*u**2 - 5. What is l(m)?
12
Let j be (401 - 477)*2/(-19). Let a(u) = 2*u - 10. Calculate a(j).
6
Let n(v) = -v**3 - 17*v**2 - 62*v - 19. Let i(r) = -2*r**3 - 16*r**2 + 19*r + 140. Let m be i(-8). What is n(m)?
5
Let i(g) = -12*g - 71. Let q(l) = -3. Let z(d) = i(d) - 4*q(d). Let f be z(-4). Let j(b) = b**3 + 10*b**2 - 11*b + 6. What is j(f)?
6
Let b(t) be the second derivative of 2*t**4/3 - 5*t**3/3 - t**2/2 + 4*t + 220. Determine b(3).
41
Let x(v) be the third derivative of v**5/60 - 7*v**4/24 + v**3/3 - v**2. Let i be 923 - 18 - (-12 - -3). Let b = i - 909. Determine x(b).
-8
Suppose 3*v + 18 = 3*l, -2*l + v + 8 = -3*v. Let d be 2*-1 + -34*(-4)/l. Suppose 0 = z - 4*z + d. Let c(a) = a**3 - 6*a**2 + 6*a + 2. Determine c(z).
7
Let z(k) = -k + 20 + 14*k**2 - k**3 - 28 - 3*k**2 - 9*k. What is z(10)?
-8
Suppose 2610 = -7*o + 442*o. Let h(d) = -41*d + 249. Calculate h(o).
3
Let c(n) = -2*n - 9. Suppose -14*r = 25*r - 858. Suppose 0 = -r*m + 136 - 356. Give c(m).
11
Let t(g) = 25922*g - 12956*g - 12958*g - 79. What is t(7)?
-23
Let y = 1 + 3. Let l(f) = 3*f - f**2 + 0*f - 3 - y*f. Suppose 5*a = r + 735 - 760, -4*a - 2*r = -8. Calculate l(a).
-9
Let j(a) = -30*a + 1. Let o = -65 - -68. Suppose -8*x - 5 = -o*x. Calculate j(x).
31
Let g = -93 + 98. Suppose -5*h + 4*h = -g. Suppose 0 = -h*w - 24 + 9. Let y(d) = -3*d**2 - 3*d + 3. Calculate y(w).
-15
Let p(s) = -768*s**3 + 355*s**3 + 18*s - 17*s**2 - 4 + 412*s**3. Determine p(-18).
-4
Let y(k) = -672*k - 1746. Let i(s) = 79*s + 204. Let u(a) = 42*i(a) + 5*y(a). Calculate u(-4).
6
Let g(h) be the first derivative of h**4/4 + 7*h**3/3 + 7*h**2/2 + 2*h - 7790. Determine g(-6).
-4
Suppose 607*u = 546*u - 305. Let g(q) = 12*q + 35. Determine g(u).
-25
Let h(w) = -10*w**2 + w - 10 + 1 - 11*w - 86*w**3 + 164*w**3 - 79*w**3. What is h(-7)?
-86
Let a(m) = 137*m**3 - m. Suppose -490 = -5*f - 485. Determine a(f).
136
Suppose 4*b + 281 = 2*d - 5*d, -5*d = -3*b - 218. Let n = 74 + b. Let o(s) = -3*s + 4. Calculate o(n).
-5
Let y(v) = -9*v - 53. Suppose -35 = 2*i + 5*f, -2*i - f - 14 = f. Give y(i).
-53
Suppose 15*j = -4*i + 10*j - 17, -2*j = -4*i - 38. Let b(d) = -24*d - 197. Give b(i).
-5
Let w(h) = -h**3 - 4*h**2 + h + 4. Let r be (0 - (-27)/(-21))*(-10 - -3). Suppose 31 = -r*v + 4. What is w(v)?
-8
Let f(j) = -j**3 + 3*j**2 + 5*j - 18. Let b be f(0). Let n be (-24)/b*(9 - 6). Let a(d) = -5*d - 2. Calculate a(n).
-22
Let l(m) = -m**3 + 5*m**2 - 4*m + 1. Let z = -210 + 440. Suppose 14*q + 32*q = z. Calculate l(q).
-19
Let k(t) = -15*t**2 + 2*t**2 - 3*t + 9*t**2 + 5*t**2 - 2 + 3*t**2. Give k(3).
25
Let w(c) = -42957585*c**2 + 21478791*c**2 + 21478797*c**2. Let m be 2 + (-2 - -4) + -2. Suppose 2 = -2*a - m. Calculate w(a).
12
Let y be 3/((-30)/(-34) - 2/(-17)). Suppose -2*q + 3 = q + 4*t, 2*q - 2 = -y*t. Let b(k) be the third derivative of -k**4/12 + k**3/6 - 3*k**2. Calculate b(q).
-1
Let y(j) = 655*j - 31*j**3 + 30*j**3 - 17*j**2 - 639*j - 2. Calculate y(-18).
34
Suppose -5*t = -2*m + 29, 2*t + 2*m + 2 + 4 = 0. Let j(l) = -l**3 - 3*l**2 + 10*l + 3. Let y be j(t). Let z(s) = 0*s**2 - 2*s + 1 + 2*s**2 + y*s. What is z(-1)?
2
Let k(b) = -b**3 + 3*b**2 + 6*b - 3. Suppose -d - 13 = -2*z - 6, 2 = 4*d - 3*z. Calculate k(d).
-23
Let p = -174 - -174. Suppose p = 4*r - v, -4*r - v = v. Let s(y) = -y - 10. What is s(r)?
-10
Suppose z - 7*u + 4*u + 3 = 0, -4 = z - 2*u. Let r(p) = -p + 2. Let i(s) = 7*s - 12. Let d(k) = i(k) + 5*r(k). Calculate d(z).
-14
Let n(d) = -d**2 - d + 16. Suppose 2*j - 3*u = 1, -j + 23 = 5*u - 2*u. Suppose -w - 12 = -4*w. Suppose -z + j + 4 = 3*q, w = 3*z + q. Calculate n(z).
16
Let x(y) = -14*y**2 - 350*y + 1. Let c be x(-25). Let i(r) = -73*r**3 + r**2 - 2*r + 1. Determine i(c).
-73
Let t = 10911 + -10908. Let r(o) be the third derivative of 0*o + 1/30*o**5 - 1/8*o**4 - 5*o**2 + 0 - 1/2*o**3. Give r(t).
6
Let z(q) be the second derivative of q**4/4 - q**2 - q. Let a be z(2). Let w(n) = -10*n + 21*n - 5 - 10*n + 0*n. What is w(a)?
5
Suppose -19*g + 30 = -17*g + 4*u, 3*g - 17 = u. Suppose g*s = 144 - 116. Let q(p) = 2*p - p**3 + p**3 + 2 + 4*p**2 - p**3. Determine q(s).
10
Let i(a) = 2*a**3 + 11*a**2 - 2*a + 27. Suppose -146*u = -2*y - 150*u + 4, -3*u = 3*y + 6. Determine i(y).
3
Suppose 